{"id":301,"date":"2026-03-05T17:21:13","date_gmt":"2026-03-05T16:21:13","guid":{"rendered":"https:\/\/antoinechabertcoutelier.fr\/?post_type=product&#038;p=301"},"modified":"2026-03-05T17:25:43","modified_gmt":"2026-03-05T16:25:43","slug":"puukko-114x21","status":"publish","type":"product","link":"https:\/\/antoinechabertcoutelier.fr\/?product=puukko-114x21","title":{"rendered":"Puukko 114&#215;21"},"content":{"rendered":"<p style=\"text-align: left;\">Puukko 114x21mm<\/p>\n<p>Acier carbone C130, trempe s\u00e9lective \u00e0 l&rsquo;eau.<\/p>\n<p>Manche en bois de bouleau, corne de buffle et cuivre martel\u00e9.<\/p>\n<p>\u00c9tui en cuir cousu main, dans lequel se trouve un prot\u00e8ge lame rigide en bois.<\/p>\n<p>&nbsp;<\/p>\n<p>&nbsp;<\/p>\n<p>Petit utilitaire \u00e9l\u00e9gant id\u00e9al pour l&rsquo;ext\u00e9rieur.<\/p>\n","protected":false},"excerpt":{"rendered":"<p>Puukko 114x21mm Acier carbone C130, trempe s\u00e9lective \u00e0 l&rsquo;eau. Manche en bois de bouleau, corne de buffle et cuivre martel\u00e9. \u00c9tui en cuir cousu main, dans lequel se trouve un prot\u00e8ge lame rigide en bois. &nbsp; &nbsp; Petit utilitaire \u00e9l\u00e9gant id\u00e9al pour l&rsquo;ext\u00e9rieur.<\/p>\n","protected":false},"featured_media":308,"comment_status":"open","ping_status":"closed","template":"","meta":[],"product_brand":[],"product_cat":[18],"product_tag":[],"class_list":{"0":"post-301","1":"product","2":"type-product","3":"status-publish","4":"has-post-thumbnail","6":"product_cat-non-classe","8":"first","9":"instock","10":"sold-individually","11":"shipping-taxable","12":"purchasable","13":"product-type-simple"},"_links":{"self":[{"href":"https:\/\/antoinechabertcoutelier.fr\/index.php?rest_route=\/wp\/v2\/product\/301","targetHints":{"allow":["GET"]}}],"collection":[{"href":"https:\/\/antoinechabertcoutelier.fr\/index.php?rest_route=\/wp\/v2\/product"}],"about":[{"href":"https:\/\/antoinechabertcoutelier.fr\/index.php?rest_route=\/wp\/v2\/types\/product"}],"replies":[{"embeddable":true,"href":"https:\/\/antoinechabertcoutelier.fr\/index.php?rest_route=%2Fwp%2Fv2%2Fcomments&post=301"}],"wp:featuredmedia":[{"embeddable":true,"href":"https:\/\/antoinechabertcoutelier.fr\/index.php?rest_route=\/wp\/v2\/media\/308"}],"wp:attachment":[{"href":"https:\/\/antoinechabertcoutelier.fr\/index.php?rest_route=%2Fwp%2Fv2%2Fmedia&parent=301"}],"wp:term":[{"taxonomy":"product_brand","embeddable":true,"href":"https:\/\/antoinechabertcoutelier.fr\/index.php?rest_route=%2Fwp%2Fv2%2Fproduct_brand&post=301"},{"taxonomy":"product_cat","embeddable":true,"href":"https:\/\/antoinechabertcoutelier.fr\/index.php?rest_route=%2Fwp%2Fv2%2Fproduct_cat&post=301"},{"taxonomy":"product_tag","embeddable":true,"href":"https:\/\/antoinechabertcoutelier.fr\/index.php?rest_route=%2Fwp%2Fv2%2Fproduct_tag&post=301"}],"curies":[{"name":"wp","href":"https:\/\/api.w.org\/{rel}","templated":true}]}}